{"id":5185,"date":"2015-06-29T14:06:14","date_gmt":"2015-06-29T12:06:14","guid":{"rendered":"http:\/\/zlotnik-szczerbinski.pl\/site\/?page_id=5185"},"modified":"2021-10-11T19:44:42","modified_gmt":"2021-10-11T17:44:42","slug":"obraczki","status":"publish","type":"page","link":"https:\/\/zlotnik-szczerbinski.pl\/site\/core-features\/obraczki\/","title":{"rendered":"Oferta"},"content":{"rendered":"<p style=\"text-align: center;\"><span id=\"shortcode-preview-o\"><div  class=\"ut-one-third  \"><\/span><\/p>\n<p style=\"text-align: center;\"><a href=\"https:\/\/zlotnik-szczerbinski.pl\/site\/index.php\/kolekcja-stelma\/\"><span id=\"shortcode-preview-o\"><img loading=\"lazy\" decoding=\"async\" class=\" size-full wp-image-5286 aligncenter\" src=\"https:\/\/zlotnik-szczerbinski.pl\/site\/wp-content\/uploads\/2015\/06\/obr-stel-1.png\" alt=\"obraczki3\" width=\"342\" height=\"245\" \/><\/span><\/a><\/p>\n<p style=\"text-align: center;\"><strong><a href=\"https:\/\/zlotnik-szczerbinski.pl\/site\/index.php\/kolekcja-stelma\/\">Obr\u0105czki &#8211; Kolekcja\u00a0Stelmach<\/a><\/strong><\/p>\n<p style=\"text-align: center;\"><span id=\"shortcode-preview-m\"><\/span><span id=\"shortcode-preview-c\"><\/div><\/span><\/p>\n<p style=\"text-align: center;\"><span id=\"shortcode-preview-o\"><div  class=\"ut-one-third  \"><\/span><\/p>\n<p style=\"text-align: center;\"><a href=\"https:\/\/zlotnik-szczerbinski.pl\/site\/index.php\/kolekcja-milosc\/\"><span id=\"shortcode-preview-o\"><img loading=\"lazy\" decoding=\"async\" class=\" size-full wp-image-5285 aligncenter\" src=\"https:\/\/zlotnik-szczerbinski.pl\/site\/wp-content\/uploads\/2015\/06\/obr-nam.png\" alt=\"obraczki2\" width=\"342\" height=\"245\" \/><\/span><\/a><\/p>\n<p style=\"text-align: center;\"><strong><span id=\"shortcode-preview-o\"><a href=\"https:\/\/zlotnik-szczerbinski.pl\/site\/index.php\/kolekcja-milosc\/\">Obr\u0105czki &#8211; Kolekcja\u00a0Mi\u0142o\u015b\u0107<\/a><\/span><\/strong><\/p>\n<p style=\"text-align: center;\"><span id=\"shortcode-preview-o\">\u00a0<\/span><span id=\"shortcode-preview-m\"><\/span><span id=\"shortcode-preview-c\"><\/div><\/span><\/p>\n<p style=\"text-align: center;\"><span id=\"shortcode-preview-o\"><div  class=\"ut-one-third ut-column-last  \"><\/span><\/p>\n<p style=\"text-align: center;\"><a href=\"https:\/\/zlotnik-szczerbinski.pl\/site\/index.php\/kolekcja-namietnosc\/\"><span id=\"shortcode-preview-o\"><img loading=\"lazy\" decoding=\"async\" class=\" size-full wp-image-5284 aligncenter\" src=\"https:\/\/zlotnik-szczerbinski.pl\/site\/wp-content\/uploads\/2015\/06\/biz-art.png\" alt=\"obraczki1\" width=\"342\" height=\"245\" \/><\/span><\/a><\/p>\n<p style=\"text-align: center;\"><strong><a href=\"https:\/\/zlotnik-szczerbinski.pl\/site\/index.php\/kolekcja-namietnosc\/\">Obr\u0105czki &#8211; Kolekcja\u00a0Nami\u0119tno\u015b\u0107<\/a><\/strong><\/p>\n<p style=\"text-align: center;\"><span id=\"shortcode-preview-m\"><\/span><span id=\"shortcode-preview-c\"><\/div><div class=\"clear\"><\/div><\/span><\/p>\n<p style=\"text-align: center;\">\n","protected":false},"excerpt":{"rendered":"","protected":false},"author":1,"featured_media":0,"parent":4565,"menu_order":0,"comment_status":"closed","ping_status":"closed","template":"","meta":{"footnotes":""},"class_list":["post-5185","page","type-page","status-publish","hentry"],"_links":{"self":[{"href":"https:\/\/zlotnik-szczerbinski.pl\/site\/wp-json\/wp\/v2\/pages\/5185","targetHints":{"allow":["GET"]}}],"collection":[{"href":"https:\/\/zlotnik-szczerbinski.pl\/site\/wp-json\/wp\/v2\/pages"}],"about":[{"href":"https:\/\/zlotnik-szczerbinski.pl\/site\/wp-json\/wp\/v2\/types\/page"}],"author":[{"embeddable":true,"href":"https:\/\/zlotnik-szczerbinski.pl\/site\/wp-json\/wp\/v2\/users\/1"}],"replies":[{"embeddable":true,"href":"https:\/\/zlotnik-szczerbinski.pl\/site\/wp-json\/wp\/v2\/comments?post=5185"}],"version-history":[{"count":28,"href":"https:\/\/zlotnik-szczerbinski.pl\/site\/wp-json\/wp\/v2\/pages\/5185\/revisions"}],"predecessor-version":[{"id":6032,"href":"https:\/\/zlotnik-szczerbinski.pl\/site\/wp-json\/wp\/v2\/pages\/5185\/revisions\/6032"}],"up":[{"embeddable":true,"href":"https:\/\/zlotnik-szczerbinski.pl\/site\/wp-json\/wp\/v2\/pages\/4565"}],"wp:attachment":[{"href":"https:\/\/zlotnik-szczerbinski.pl\/site\/wp-json\/wp\/v2\/media?parent=5185"}],"curies":[{"name":"wp","href":"https:\/\/api.w.org\/{rel}","templated":true}]}}