{"id":4565,"date":"2014-04-20T08:14:59","date_gmt":"2014-04-20T06:14:59","guid":{"rendered":"http:\/\/themeforest.unitedthemes.com\/wpversions\/brooklyn\/xml\/demo10\/?page_id=4565"},"modified":"2021-10-11T19:12:21","modified_gmt":"2021-10-11T17:12:21","slug":"core-features","status":"publish","type":"page","link":"https:\/\/zlotnik-szczerbinski.pl\/site\/","title":{"rendered":"O firmie"},"content":{"rendered":"<div  class=\"ut-one-half  \"> <div style=\"text-align:left; \"><img decoding=\"async\" alt=\"\" class=\"ut-animate-image animated hide-on-tablet hide-on-mobile\"  data-effecttype=\"image\" data-effect=\"fadeIn\" src=\"https:\/\/zlotnik-szczerbinski.pl\/site\/wp-content\/uploads\/2014\/04\/ofirmie1.png\" \/><\/div> <\/div>\n<div  class=\"ut-one-half ut-column-last  \">\n<p>&nbsp;<\/p>\n<p>Nasza firma istnieje ju\u017c na rynku od 20lat.<\/p>\n<p>G\u0142\u00f3wna ofert\u0105 jest szeroka gama obr\u0105czek \u015blubnych, du\u017cy wyb\u00f3r gotowych wzor\u00f3w oraz wykonywanie indywidualnych zam\u00f3wie\u0144. Wsp\u00f3\u0142pracujemy tak\u017ce z wiod\u0105cymi polskimi producentami obr\u0105czek i bi\u017cuterii. Do zaoferowania mamy tak\u017ce bi\u017cuterie z\u0142ot\u0105 i srebrn\u0105.<\/p>\n<p>Najni\u017csze ceny na rynku oraz mi\u0142a obs\u0142uga gwarantuje satysfakcj\u0119 ka\u017cdemu klientowi.\u00a0<\/div><div class=\"clear\"><\/div>\n","protected":false},"excerpt":{"rendered":"","protected":false},"author":1,"featured_media":0,"parent":0,"menu_order":0,"comment_status":"closed","ping_status":"closed","template":"","meta":{"footnotes":""},"class_list":["post-4565","page","type-page","status-publish","hentry"],"_links":{"self":[{"href":"https:\/\/zlotnik-szczerbinski.pl\/site\/wp-json\/wp\/v2\/pages\/4565","targetHints":{"allow":["GET"]}}],"collection":[{"href":"https:\/\/zlotnik-szczerbinski.pl\/site\/wp-json\/wp\/v2\/pages"}],"about":[{"href":"https:\/\/zlotnik-szczerbinski.pl\/site\/wp-json\/wp\/v2\/types\/page"}],"author":[{"embeddable":true,"href":"https:\/\/zlotnik-szczerbinski.pl\/site\/wp-json\/wp\/v2\/users\/1"}],"replies":[{"embeddable":true,"href":"https:\/\/zlotnik-szczerbinski.pl\/site\/wp-json\/wp\/v2\/comments?post=4565"}],"version-history":[{"count":15,"href":"https:\/\/zlotnik-szczerbinski.pl\/site\/wp-json\/wp\/v2\/pages\/4565\/revisions"}],"predecessor-version":[{"id":6071,"href":"https:\/\/zlotnik-szczerbinski.pl\/site\/wp-json\/wp\/v2\/pages\/4565\/revisions\/6071"}],"wp:attachment":[{"href":"https:\/\/zlotnik-szczerbinski.pl\/site\/wp-json\/wp\/v2\/media?parent=4565"}],"curies":[{"name":"wp","href":"https:\/\/api.w.org\/{rel}","templated":true}]}}